- 705. Calculate s(-10).
-5
Let z(i) = -i**2 - 28*i - 210. Calculate z(-7).
-63
Let z(p) = -2*p**2 - 45*p - 14. Determine z(-23).
-37
Let k(j) = -j**3 + 3*j**2 + 416*j + 63. Give k(22).
19
Let h(k) = -2*k**2 - 303*k - 11431. Calculate h(-80).
9
Let q(l) = -l**2 - 392*l + 1992. Calculate q(5).
7
Let d(m) = -1209*m - 32658. What is d(-27)?
-15
Let h(r) = -190*r - 2443. What is h(-13)?
27
Let f(j) = 142*j + 3540. What is f(-25)?
-10
Let g(l) = -l**2 + 372*l - 10268. Determine g(342).
-8
Let n(b) = 474*b + 483. What is n(-1)?
9
Let o(b) = -13*b**2 + 533*b + 130. Give o(41).
130
Let n(a) = -380*a + 362. Give n(1).
-18
Let k(w) = -w**2 + 15*w + 96. Calculate k(-5).
-4
Let r(b) = -38*b + 152. Give r(7).
-114
Let f(x) = 4530*x - 154021. Calculate f(34).
-1
Let w(z) = 635*z + 69848. Determine w(-110).
-2
Let i(m) = m**3 + 9*m**2 - 137*m - 18. Give i(-17).
-1
Let b(s) = -6*s**2 - 40*s - 9. What is b(-7)?
-23
Let f(o) = -o**2 + 23*o + 549. Determine f(-18).
-189
Let s(r) = -196*r + 21937. Calculate s(112).
-15
Let x(p) = 2*p**3 - 11*p**2 + 22*p + 23. Give x(6).
191
Let i(k) = 110*k - 1329. Calculate i(12).
-9
Let m(v) = 3*v**2 + 23*v + 22. What is m(-1)?
2
Let d(f) = 2*f**3 - 120*f**2 + 1356*f - 88. Calculate d(15).
2
Let z(o) = -365*o - 1833. Calculate z(-5).
-8
Let p(x) = -x**3 - 25*x**2 + 28*x + 1711. Give p(-23).
9
Let h(z) = z**3 + 129*z**2 + 608*z - 75. Calculate h(-5).
-15
Let u(r) = -15*r**2 + 7*r - 9. Calculate u(1).
-17
Let k(c) = c**2 + 3970*c - 59775. Determine k(15).
0
Let u(f) = 17*f**2 - 134*f - 16. Determine u(8).
0
Let n(b) = 2*b**3 - 34*b**2 - 35*b - 26. What is n(18)?
-8
Let w(z) = -43*z + 245. Calculate w(5).
30
Let v(m) = m**3 - 18*m**2 - 4*m - 9. Calculate v(18).
-81
Let g(v) = 130*v - 3143. Give g(24).
-23
Let b(p) = -p**2 - 124*p - 3521. What is b(-80)?
-1
Let p(z) = 532*z - 3571. Calculate p(7).
153
Let c(v) = v**2 - 173*v + 1778. Calculate c(11).
-4
Let g(r) = r**3 - 35*r**2 - 111*r - 1750. What is g(39)?
5
Let z(g) = 5597*g - 33642. Determine z(6).
-60
Let m(p) = 132*p + 463. What is m(-4)?
-65
Let j(a) = 2*a + 63. Determine j(-32).
-1
Let p(b) = -b**3 - 5*b**2 - 42*b - 280. Give p(-6).
8
Let f(v) = -77*v - 1544. Determine f(-20).
-4
Let f(x) = x**3 - 127*x**2 + 3939*x + 213. Determine f(73).
-6
Let r(w) = 4*w**2 - 75*w - 28. Calculate r(19).
-9
Let k(u) = 283*u - 2490. Determine k(9).
57
Let r(x) = -6*x. What is r(-3)?
18
Let a(b) = 85*b - 597. What is a(9)?
168
Let d(k) = 25*k + 413. What is d(-12)?
113
Let g(b) = 2*b**3 - 74*b**2 - b + 42. What is g(37)?
5
Let r(a) = -5599*a + 72787. What is r(13)?
0
Let z(y) = -50*y - 4295. Calculate z(-86).
5
Let d(n) = -n**2 + 11*n + 364. Determine d(-14).
14
Let v(y) = -4*y**3 + 5*y**2 + 18*y + 9. What is v(-2)?
25
Let d(i) = 5*i**3 + 14*i**2 - 59*i + 3. Determine d(4).
311
Let b(p) = -36*p - 703. Determine b(-19).
-19
Let a(s) = s**2 - 12*s - 381. Calculate a(25).
-56
Let r(h) = -h**2 - 18*h + 171. Calculate r(-27).
-72
Let d(o) = 158*o - 73. Calculate d(2).
243
Let g(y) = -33*y - 160. Give g(-5).
5
Let b(q) = -q**2 + 45*q - 392. Give b(33).
4
Let i(q) = 948*q + 1890. What is i(-2)?
-6
Let j(f) = -36*f**3 - f**2 + f + 1. What is j(-2)?
283
Let h(i) = i**2 - 12*i - 20. What is h(7)?
-55
Let y(k) = -k**3 + 5*k**2 + 15*k + 26. Calculate y(-2).
24
Let r(o) = 11*o + 51. What is r(5)?
106
Let v(y) = 16*y - 220. Determine v(9).
-76
Let z(q) = -14*q**2 + 23*q + 87. What is z(4)?
-45
Let o(k) = k**2 + 207*k - 1509. What is o(-214)?
-11
Let m(n) = -8*n + 870. What is m(106)?
22
Let f(n) = n**3 - 13*n**2 - 17*n + 7. Determine f(13).
-214
Let p(u) = 5*u**2 + 9*u - 18. Calculate p(-4).
26
Let o(q) = q**3 - 11*q + 40. Give o(3).
34
Let f(c) = 448*c - 3129. Calculate f(7).
7
Let d(y) = -29*y + 111. Determine d(-5).
256
Let o(x) = -12*x**2 - 62*x - 38. Give o(-6).
-98
Let s(o) = -25*o + 314. Give s(14).
-36
Let h(w) = -2*w**2 - 25*w + 199. Give h(15).
-626
Let l(c) = 89*c - 189. Give l(4).
167
Let m(i) = -1662*i - 23272. Determine m(-14).
-4
Let t(j) = 348*j + 2077. Give t(-5).
337
Let q(w) = -10*w**3 - 88*w**2 - 5*w + 5. Give q(-9).
212
Let n(t) = -861*t + 888. Determine n(1).
27
Let o(l) = l**3 - 3*l**2 + 52*l - 225. What is o(4)?
-1
Let w(z) = -z**2 - 38*z - 360. Give w(-17).
-3
Let u(s) = 15*s**3 - 6*s**2 - 4*s + 1. Determine u(-1).
-16
Let x(y) = y**2 - 30*y - 730. Give x(-17).
69
Let x(q) = -3*q**2 - 23*q + 16. What is x(-8)?
8
Let x(d) = 3160*d + 72687. Calculate x(-23).
7
Let l(o) = -252*o - 1265. Calculate l(-5).
-5
Let m(x) = 188*x**2 - 2*x + 43. Determine m(0).
43
Let d(w) = -313*w - 3112. Determine d(-10).
18
Let u(s) = -116*s - 3138. Determine u(-27).
-6
Let x(g) = -15*g**2 - 153*g + 1395. Determine x(-16).
3
Let j(i) = i**3 - 99*i**2 + 248*i + 3824. Give j(96).
-16
Let f(a) = 44*a - 4421. Give f(101).
23
Let y(c) = -72*c - 2010. Give y(-32).
294
Let b(w) = w**2 + 50*w + 543. Determine b(-16).
-1
Let k(m) = 68*m - 45. Determine k(4).
227
Let a(g) = 4*g**2 - 55*g + 488. Determine a(11).
367
Let x(z) = 69*z**2 - 27*z + 27. Determine x(1).
69
Let t(a) = 11*a + 296. Give t(30).
626
Let k(o) = -3*o**2 + 89*o - 443. What is k(6)?
-17
Let u(x) = -4*x**2 - 5*x - 20. Give u(6).
-194
Let y(x) = -987*x - 2953. Calculate y(-3).
8
Let j(l) = -95*l + 1194. What is j(14)?
-136
Let n(w) = 45*w - 1763. What is n(40)?
37
Let x(l) = -164*l + 2484. Give x(15).
24
Let j(t) = -14*t**2 - 1558*t - 1559. Calculate j(-1).
-15
Let o(x) = -x**3 - x**2 + 34*x + 97. What is o(-5)?
27
Let d(a) = 2*a**3 + 25*a**2 - 8*a - 4. What is d(-13)?
-69
Let z(n) = n**2 - 11*n - 29. Give z(7).
-57
Let b(a) = 1747*a + 15721. Calculate b(-9).
-2
Let k(v) = 2*v**2 + 5500*v + 32930. Give k(-6).
2
Let t(d) = -3*d**2 - 81*d - 118. What is t(-23)?
158
Let b(u) = -7353*u - 51475. Give b(-7).
-4
Let q(s) = 126*s - 6090. Calculate q(48).
-42
Let p(o) = 2*o**2 - 40*o - 28. What is p(22)?
60
Let t(y) = 694*y - 1466. Determine t(2).
-78
Let f(l) = 107*l - 663. Determine f(6).
-21
Let l(h) = h**2 - 29*h - 184. Calculate l(34).
-14
Let i(g) = -2*g**3 + 21*g**2 - 11*g + 6. What is i(10)?
-4
Let f(t) = -4*t**2 + 240*t - 695. What is f(57)?
-11
Let b(u) = -u**3 - 46*u**2 + 48*u - 23. Determine b(-47).
-70
Let b(p) = 16*p**2 - 381*p - 27. What is b(24)?
45
Let v(s) = -28*s**2 + 9*s - 11. What is v(1)?
-30
Let q(l) = 131*l - 74. Give q(0).
-74
Let z(j) = -41*j**2 + 2136*j - 205. Determine z(52).
3
Let n(b) = -767*b - 108914. Calculate n(-142).
0
Let f(g) = -g**3 + 8*g**2 + 10*g + 9. Determine f(6).
141
Let n(q) = 347*q - 44063. Give n(127).
6
Let p(s) = -8*s - 38. Calculate p(-3).
-14
Let l(w) = 19*w**3 + 57*w**2 - 11*w - 8. Calculate l(-3).
25
Let a(h) = h**2 + 702*h - 11489. What is a(16)?
-1
Let n(p) = -24*p - 423. Give n(-23).
129
Let r(c) = 612*c + 510. What is r(-1)?
-102
Let o(l) = -l**3 - 2*l**2 + 42*l + 13. What is o(5)?
48
Let q(o) = o**3 + o**2 - 26*o + 12. Determine q(6).
108
Let s(q) = q**3 - 74*q**2 - 238*q + 534. Give s(77).
-5
Let r(o) = o**3 - 4*o**2 + 10*o - 54. Give r(4).
-14
Let a(p) = p**3 + 178*p**2 - 874*p + 7508. Calculate a(-183).
5
Let i(o) = -143*o - 15727. Determine i(-110).
3
Let a(x) = -x**2 - 611*x + 8758. Calculate a(14).
8
Let k(t) = -9*t**2 - 123*t + 45. Give k(-14).
3
Let k(u) = 329*u + 101. Calculate k(-1).
-228
Let k(i) = i**2 + 91*i + 346. Give k(-4).
-2
Let x(q) = -7*q**3 + 165*q**2 + 30*q - 13. What is x(24)?
-1021
Let y(i) = -4*i**2 - 124*i + 91. Calculate y(-32).
-37
Let f(j) = -13*j**2 - 1474*j - 560. Determine f(-113).
5
Let h(k) = -20*k**3 + 6*k**2 - 5*k - 20. Give h(-2).
174
Let u(v) = -17*v**2 - 107*v - 108. Calculate u(-1).
-18
Let u(i) = -811*i - 2465. Give u(-3).
-32
Let i(s) = 86*s + 142. Calculate i(-2).
-30
Let q(y) = -y**2 - 51*y - 660. Give q(-32).
-52
Let l(w) = -11*w - 74. Calculate l(-12).
58
Let g(c) = c**2 - 39*c + 156. Give g(12).
-168
Let a(c) = -60*c + 122. Determine a(2).
2
Let x(d) = 2*d**3 - 146*d**2 + 1038*d + 149. Calculate x(65).
19
Let f(m) = 3*m**3 - 14*m**2 + 30*m - 24. What is f(2)?
4
Let m(f) = 5399*f - 259156. Calculate m(48).
-4
Let w(f) = -1142*f + 14818. Calculate w(13).
-28
Let f(t) = 4*t**3 - 1377*t**2 + 4434*t - 345. Give f(341).
-4
Let a(s) = 10*s + 245. Determine a(-25).
-5
Let p(t) = t + 18. What is p(23)?
41
Let h(y) = 72*y**2 - 1150*y - 18. Calculate h(16).
14
L